{"id":450,"date":"2019-06-14T21:13:00","date_gmt":"2019-06-14T21:13:00","guid":{"rendered":"http:\/\/www.sandrascoaching.ch\/?page_id=450"},"modified":"2024-07-07T16:56:43","modified_gmt":"2024-07-07T16:56:43","slug":"allgemeine-geschaeftsbedingungen","status":"publish","type":"page","link":"http:\/\/www.sandrascoaching.ch\/?page_id=450","title":{"rendered":"Allgemeine Gesch\u00e4ftsbedingungen"},"content":{"rendered":"\t\t<div data-elementor-type=\"wp-post\" data-elementor-id=\"450\" class=\"elementor elementor-450\">\n\t\t\t\t\t\t<section class=\"elementor-section elementor-top-section elementor-element elementor-element-59dfa28d elementor-section-boxed elementor-section-height-default elementor-section-height-default\" data-id=\"59dfa28d\" data-element_type=\"section\" data-e-type=\"section\">\n\t\t\t\t\t\t<div class=\"elementor-container elementor-column-gap-default\">\n\t\t\t\t\t<div class=\"elementor-column elementor-col-100 elementor-top-column elementor-element elementor-element-7dd5d1c6\" data-id=\"7dd5d1c6\" data-element_type=\"column\" data-e-type=\"column\">\n\t\t\t<div class=\"elementor-widget-wrap elementor-element-populated\">\n\t\t\t\t\t\t<div class=\"elementor-element elementor-element-9b08ecd elementor-widget elementor-widget-text-editor\" data-id=\"9b08ecd\" data-element_type=\"widget\" data-e-type=\"widget\" data-widget_type=\"text-editor.default\">\n\t\t\t\t<div class=\"elementor-widget-container\">\n\t\t\t\t\t\t\t\t\t<p><\/p>\n<div><strong>AGB&#8217;s der Firma<\/strong><\/div>\n<div><strong><br><\/strong>S<b>andra&#8217;s Coaching GmbH<\/b><\/div>\n<div><b>Im Birchi 3<br><\/b><\/div>\n<div><b>8175 Windlach<\/b><\/div>\n<div><strong><\/strong><\/div>\n<div><strong>&nbsp;<\/strong><\/div>\n<div><strong><\/strong><br><strong>Dieses Dokument ist g\u00fcltig ab 1. M\u00e4rz 2019<\/strong><\/div>\n<div>\n<h2>1. Geltungsbereich<\/h2>\n<p>Diese Allgemeinen Gesch\u00e4ftsbedingungen (\u201eAGB\u201c) gelten f\u00fcr den Gesch\u00e4ftsbereich der Sandra&#8217;s Coaching GmbH, Ackersteinstrasse 95, 8049 Z\u00fcrich, (nachfolgend \u201eFirma\u201c). Die Firma besitzt und betreibt die Plattform www.sandra&#8217;scoaching.ch und erbringt darauf entgeltliche und unentgeltliche Dienstleistungen im Zusammenhang mit der Tierkommunikation, Pers\u00f6nlichkeits Coaching sowie der Durchf\u00fchrung von Pferdeverhaltenstherapeutischer Massnahmen. Dabei werden auch Kurse Durchgef\u00fchrt. Zudem bietet die Firma Beratungsdienstleistungen an. Des Weiteren verkauft die Firma Produkte im obengenannten Bereich.<\/p>\n<p>Diese AGB gelten f\u00fcr die obengenannten Bereiche sowie die weiteren Dienstleistungen welche die Firma direkt und indirekt gegen\u00fcber dem Kunden erbringt.<\/p>\n<p><\/p>\n<h2>2. Vertragsabschluss<\/h2>\n<p>Der Vertragsabschluss kommt durch die Akzeptanz der AGB&#8217;s der Firma, betreffend den Bezug von Dienstleistungen, Produkten durch den Kunden zustande.<\/p>\n<p>Der Vertrag kommt des Weiteren zustande, wenn der Kunde die von der Firma angebotenen Dienstleistungen in Anspruch nimmt oder Produkte der Firma bezieht oder benutzt (Kurse).<\/p>\n<p><\/p>\n<h2>3. Preise<\/h2>\n<p>Vorbehaltlich anderweitiger Offerten verstehen sich alle Preise in Schweizer Franken (CHF). Alle Preise verstehen sich exklusive allf\u00e4llig anwendbarer Mehrwertsteuer (MwSt).<\/p>\n<p>Die Preise verstehen sich exklusive weiterer allf\u00e4llig anwendbarer Steuern.<\/p>\n<p>Die Firma beh\u00e4lt sich vor, die Preise jederzeit zu \u00e4ndern. Es gelten die zum Zeitpunkt des Vertragsabschlusses g\u00fcltigen Preise auf der Website www.sandrascoaching.ch oder gem\u00e4ss der separaten Preisliste der Firma. F\u00fcr den Kunden gelten die zum Zeitpunkt des Vertragsabschlusses g\u00fcltigen Preise.<\/p>\n<p><\/p>\n<h2>4. Bezahlung<\/h2>\n<p>Der Kunde ist verpflichtet, den in Rechnung gestellten Betrag innert 10 Tagen ab Rechnungsdatum zu bezahlen. Es sei denn, er habe den Betrag bereits beim Bestellvorgang via Kreditkarte, Paypal oder anderen Zahlungssystemen beglichen.<\/p>\n<p>Wird die Rechnung nicht binnen vorgenannter Zahlungsfrist beglichen, wird der Kunde abgemahnt und dabei eine Mahngeb\u00fchr von 25.- CHF zus\u00e4tzlich verrechnet. Begleicht der Kunde die Rechnung nicht binnen der angesetzten Mahnfrist f\u00e4llt er automatisch in Verzug. Ab Zeitpunkt des Verzuges schuldet der Kunde Verzugszinsen in der H\u00f6he von 5%.<\/p>\n<p>Die Firma beh\u00e4lt sich vor, jederzeit ohne Angabe von Gr\u00fcnden Vorauskasse zu verlangen.<\/p>\n<p>Verrechnung des in Rechnung gestellten Betrages mit einer allf\u00e4lligen Forderung des Kunden gegen die Firma ist nicht zul\u00e4ssig.<\/p>\n<p>Der Firma steht das Recht zu bei Zahlungsverzug die Dienstleistungserbringung, die Lieferung der Dienstleistung zu verweigern.<\/p>\n<p><\/p>\n<p><strong><\/strong><\/p>\n<\/div>\n<div>\n<p><strong>&nbsp;<\/strong><\/p>\n<h2>5. Haftung<\/h2>\n<p>Die Haftung f\u00fcr jegliche indirekten Sch\u00e4den und Mangelfolgesch\u00e4den wird vollumf\u00e4nglich ausgeschlossen.<\/p>\n<h2>6. Immaterialg\u00fcterrechte<\/h2>\n<p>S\u00e4mtliche Rechte an den Produkten, Dienstleistungen und allf\u00e4lligen Marken stehen der Firma zu oder sie ist zu deren Benutzung vom Inhaber berechtigt.<\/p>\n<p>Weder diese AGB noch dazugeh\u00f6rige Individualvereinbarungen haben die \u00dcbertragung von Immaterialg\u00fcterrechte zum Inhalt, es sei denn dies werde explizit erw\u00e4hnt.<\/p>\n<p>Zudem ist jegliche Weiterverwendung, Ver\u00f6ffentlichung und das Zug\u00e4nglichmachen von Informationen, Bildern, Texten oder Sonstigem welches der Kunde im Zusammenhang mit diesen Bestimmungen erh\u00e4lt, untersagt, es sei denn es werde von der Firma explizit genehmigt.<\/p>\n<p>Verwendet der Kunde im Zusammenhang mit der Firma Inhalte, Texte oder bildliches Material an welchem Dritte ein Schutzrecht haben, hat der Kunde sicherzustellen, dass keine Schutzrechte Dritter verletzt werden.<\/p>\n<p><\/p>\n<h2>7. Datenschutz<\/h2>\n<p>Die Firma darf die im Rahmen des Vertragsschlusses aufgenommenen Daten zur Erf\u00fcllung der Verpflichtungen aus dem Vertrag verarbeiten und verwenden. Die Firma ergreift die Massnahmen welche zur Sicherung der Daten gem\u00e4ss den gesetzlichen Vorschriften erforderlich sind. Der Kunde erkl\u00e4rt sich mit der Speicherung und vertragsgem\u00e4ssen Verwertung seiner Daten durch die Firma vollumf\u00e4nglich einverstanden und ist sich bewusst, dass die Firma auf Anordnung von Gerichten oder Beh\u00f6rden verpflichtet und berechtigt ist Informationen vom Kunden diesen oder Dritten bekannt zu geben. Hat der Kunde es nicht ausdr\u00fccklich untersagt, darf die Firma die Daten zu Marketingzwecken verwenden sowie f\u00fcr Werbezwecke an Ihre Partner weitergeben. Die zur Leistungserf\u00fcllung notwendigen Daten k\u00f6nnen auch an beauftragte Dienstleistungspartner oder sonstigen Dritten weitergegeben werden.<\/p>\n<p>Des Weiteren finden die <a title=\"Datenschutzerkl\u00e4rung\" href=\"https:\/\/startups.ch\/de\/kontakt-service\/datenschutzerklaerung\/\">Datenschutzbestimmungen<\/a> Anwendung.<\/p>\n<p><\/p>\n<h2>8. \u00c4nderungen<\/h2>\n<p>Diese Allgemeinen Gesch\u00e4ftsbedingungen k\u00f6nnen von der Firma jederzeit ge\u00e4ndert werden. <br>Die neue Version tritt durch Publikation auf der Website der Firma in Kraft.<\/p>\n<p>F\u00fcr die Kunden gilt grunds\u00e4tzlich die Version der AGB welche zum Zeitpunkt des Vertragsabschlusses in Kraft ist. Es sei denn, der Kunde habe einer neueren Version der AGB zugestimmt.<\/p>\n<p><\/p>\n<\/div>\n<div>\n<p><strong>&nbsp;<\/strong><\/p>\n<h2>9. H\u00f6here Gewalt<\/h2>\n<p>Wird die fristgerechte Erf\u00fcllung durch die Firma, deren Lieferanten oder beigezogenen Dritten infolge h\u00f6herer Gewalt wie beispielsweise Naturkatastrophen, Erdbeben, Vulkanausbr\u00fcche, Lawinen, Unwetter, Gewitter, St\u00fcrme, Kriege, Unruhen, B\u00fcrgerkriege, Revolutionen und Aufst\u00e4nde, Terrorismus, Sabotage, Streiks, Atomunf\u00e4lle resp. Reaktorsch\u00e4den verunm\u00f6glicht, so ist die Firma w\u00e4hrend der Dauer der h\u00f6heren Gewalt sowie einer angemessenen Anlaufzeit nach deren Ende von der Erf\u00fcllung der betroffenen Pflichten befreit. Dauert die h\u00f6here Gewalt l\u00e4nger als 30 Tage kann die Firma vom Vertrag zur\u00fccktreten. Die Firma hat dem Kunden bereits geleistetes Entgelt vollumf\u00e4nglich zur\u00fcck zu erstatten.<\/p>\n<p>Jegliche weiteren Anspr\u00fcche, insbesondere Schadenersatzanspr\u00fcche infolge vis major sind ausgeschlossen.<\/p>\n<\/div>\n<p><strong>&nbsp;<\/strong><strong>Gerichtsstand ist B\u00fclach<\/strong><\/p>\n<p><\/p>\n<p><\/p>\n<p><strong>&nbsp;&nbsp;&nbsp;&nbsp;&nbsp;&nbsp;&nbsp;&nbsp;&nbsp;&nbsp;&nbsp;&nbsp;&nbsp;&nbsp;&nbsp;&nbsp;&nbsp;&nbsp;&nbsp;&nbsp;&nbsp;&nbsp;&nbsp;&nbsp;&nbsp;&nbsp;&nbsp;&nbsp;&nbsp;&nbsp;&nbsp;&nbsp;&nbsp;&nbsp;&nbsp;&nbsp;&nbsp;&nbsp;&nbsp;&nbsp;&nbsp;&nbsp; <\/strong><\/p>\n<p><\/p>\n<p><\/p>\n<p><strong>&nbsp;&nbsp;&nbsp;&nbsp;&nbsp;&nbsp;&nbsp;&nbsp;&nbsp;&nbsp;&nbsp;&nbsp;&nbsp;&nbsp;&nbsp;&nbsp;&nbsp;&nbsp;&nbsp;&nbsp;&nbsp;&nbsp;&nbsp;&nbsp;&nbsp;&nbsp;&nbsp;&nbsp;&nbsp;&nbsp;&nbsp;&nbsp;&nbsp;&nbsp;&nbsp;&nbsp;&nbsp;&nbsp;&nbsp;&nbsp;&nbsp;&nbsp; <\/strong><\/p>\n<p><\/p>\t\t\t\t\t\t\t\t<\/div>\n\t\t\t\t<\/div>\n\t\t\t\t\t<\/div>\n\t\t<\/div>\n\t\t\t\t\t<\/div>\n\t\t<\/section>\n\t\t\t\t<\/div>\n\t\t","protected":false},"excerpt":{"rendered":"<p>AGB&#8217;s der Firma Sandra&#8217;s Coaching GmbH Im Birchi 3 8175 Windlach &nbsp; Dieses Dokument ist g\u00fcltig ab 1. M\u00e4rz 2019 1. Geltungsbereich Diese Allgemeinen Gesch\u00e4ftsbedingungen (\u201eAGB\u201c) gelten f\u00fcr den Gesch\u00e4ftsbereich der Sandra&#8217;s Coaching GmbH, Ackersteinstrasse 95, 8049 Z\u00fcrich, (nachfolgend \u201eFirma\u201c). Die Firma besitzt und betreibt die Plattform www.sandra&#8217;scoaching.ch und erbringt [&hellip;]<\/p>\n","protected":false},"author":1,"featured_media":0,"parent":0,"menu_order":0,"comment_status":"closed","ping_status":"closed","template":"","meta":{"_exactmetrics_skip_tracking":false,"_exactmetrics_sitenote_active":false,"_exactmetrics_sitenote_note":"","_exactmetrics_sitenote_category":0,"footnotes":""},"_links":{"self":[{"href":"http:\/\/www.sandrascoaching.ch\/index.php?rest_route=\/wp\/v2\/pages\/450"}],"collection":[{"href":"http:\/\/www.sandrascoaching.ch\/index.php?rest_route=\/wp\/v2\/pages"}],"about":[{"href":"http:\/\/www.sandrascoaching.ch\/index.php?rest_route=\/wp\/v2\/types\/page"}],"author":[{"embeddable":true,"href":"http:\/\/www.sandrascoaching.ch\/index.php?rest_route=\/wp\/v2\/users\/1"}],"replies":[{"embeddable":true,"href":"http:\/\/www.sandrascoaching.ch\/index.php?rest_route=%2Fwp%2Fv2%2Fcomments&post=450"}],"version-history":[{"count":13,"href":"http:\/\/www.sandrascoaching.ch\/index.php?rest_route=\/wp\/v2\/pages\/450\/revisions"}],"predecessor-version":[{"id":1219,"href":"http:\/\/www.sandrascoaching.ch\/index.php?rest_route=\/wp\/v2\/pages\/450\/revisions\/1219"}],"wp:attachment":[{"href":"http:\/\/www.sandrascoaching.ch\/index.php?rest_route=%2Fwp%2Fv2%2Fmedia&parent=450"}],"curies":[{"name":"wp","href":"https:\/\/api.w.org\/{rel}","templated":true}]}}